(y).
2
Let g = -262 - -335. What are the prime factors of g?
73
Suppose 3*u = 9, -y - y - u + 7853 = 0. What are the prime factors of y?
5, 157
Suppose -q + 68 = 4*l, -3*q - l + 122 = -q. Let k = 8 - 6. Suppose 4*g = -5*c + 26 + 4, 5*c - k*g = q. List the prime factors of c.
2, 5
Suppose -2*r - 8*j + 1235 = -5*j, 3*r - 4*j - 1861 = 0. List the prime factors of r.
619
Let m = 20 + -13. List the prime factors of m + 141/(-21) - (-453)/7.
5, 13
Let c be 1 + (-4 - -3 - -4). Suppose 30 = -c*h + h. Let v = 25 + h. What are the prime factors of v?
3, 5
Suppose 0 = -0*q - 2*q + 12. Let t be (-152)/3*q/(-4). Suppose 2*l + 4*i - 74 = 0, 127 = 5*l + i - t. List the prime factors of l.
41
Let d(o) = -30*o - 2. Let m be d(-1). What are the prime factors of (-4)/14 + 2668/m?
5, 19
Suppose -210 = -f - b - 2*b, -3*b = -3*f + 690. Suppose h = -2*h + f. List the prime factors of h.
3, 5
Suppose -z = 4*z + 5*g + 5, -2*z + 3 = -3*g. Suppose z = -4*a - s - 5, 2*s + 10 = 4*a - 0*s. Suppose -5*t + 91 - 1 = a. What are the prime factors of t?
2, 3
Let j = -34 + 39. Suppose -201 = -4*i - 3*u, 2*u + 255 = 5*i + j*u. List the prime factors of i.
2, 3
Suppose 0 = 147*y - 148*y. What are the prime factors of 4*394/8 + 2 + y?
199
Suppose -3*k - 3*x = -k - 81, 2*k = 3*x + 63. Suppose -z - 4*n + 6 = 0, n = -2*z - n + k. Suppose -z*a + 200 = -17*a. What are the prime factors of a?
2, 5
Let n = 899 - 296. What are the prime factors of n?
3, 67
Let k be 6*(2/4)/1. Let t be ((2 - k)*2)/(-1). Suppose 3*m = t*s + 54, -31 = -m + s + 4*s. What are the prime factors of m?
2
Suppose 2*a - 11 = -1. Suppose a = 5*k - 5. Suppose -3*w + k*w + 19 = 0. List the prime factors of w.
19
Let y = 73 - 117. Let h = y + 84. What are the prime factors of h?
2, 5
List the prime factors of 28980/13 + (-261)/1131.
3, 743
Suppose -2*h + 18 = 4*q, 3*h - 12 = q + 1. Suppose 2*i - 4 = -q*i + 3*d, 0 = -5*i + 5*d. What are the prime factors of i?
2
Suppose a + 61 = -3*u - 0*a, 43 = -2*u - 3*a. What are the prime factors of 848/10 - ((-56)/u - 3)?
5, 17
Let v(y) = -y - 1. Let q = -15 + 10. Let d be v(q). Suppose -3*p + 2*z + 81 = 2*p, d*z = 8. List the prime factors of p.
17
Let k = -83 - -82. List the prime factors of ((-2211)/55)/(k/5).
3, 67
Suppose -5*t = -11*t + 19746. List the prime factors of t.
3, 1097
What are the prime factors of (17 - 13) + (2 - 13)*-19?
3, 71
Let o(z) = -5*z + 3. Let r(j) = -j**3 - 6*j**2 - 4*j + 7. Let i be r(-5). Suppose 3*n - 20 = -i*w + 4*w, 3*n = -2*w - 8. List the prime factors of o(w).
2, 19
Let y be (2 - (-8)/(-2)) + -16. Let o = -59 - y. Let a = -25 - o. List the prime factors of a.
2
Let q be 39/13 - (-2659 - 0). Suppose -11*o + 0*o + q = 0. What are the prime factors of o?
2, 11
Let l(t) = -2*t**3 - 4*t**2 + 9*t + 2578. List the prime factors of l(0).
2, 1289
Suppose -5*m + t = 15, 4*m + 6 = -5*t - 6. Suppose 0 = -l + 5*s + 14, 0*l - 4*s - 20 = -3*l. Let p = l - m. What are the prime factors of p?
7
Let f = -14 - -17. Suppose 0 = f*s + 399 - 1044. List the prime factors of s.
5, 43
Let s(n) = -n**3 - 7*n**2 - n - 5. Let j(i) = i - 1. Let q be j(12). Let b = -18 + q. List the prime factors of s(b).
2
Suppose 2*z - 3 = 29. Suppose -26 = -v + z. What are the prime factors of (-24)/((v/(-4))/7)?
2
Let k(o) = 10*o**2 + o**3 + 3 + 5 + 3 - 13*o. Let v be k(-11). Let w = 4 + v. What are the prime factors of w?
37
Let m(u) = 37*u + 145. What are the prime factors of m(9)?
2, 239
Suppose -14*j = -7*j - 2891. List the prime factors of j.
7, 59
Suppose 0 = -k, 4*p + 2*k = -3*k + 16. List the prime factors of (p/(-6))/((-12)/1242).
3, 23
Let z = 392 - 182. Let p = z - 23. List the prime factors of p.
11, 17
Suppose -6*c + 32 = -4. Suppose -c*l - 21 = -51. Suppose -120 = -2*w + l*j, -48 - 42 = -w - 5*j. List the prime factors of w.
2, 5, 7
Suppose 13 = 4*g - 7. Suppose -128 = 3*r - 5*x, g*r + 3*x = 74 - 242. Let f = r - -61. List the prime factors of f.
5
Suppose 12 = 2*c - n, 21 = 3*c - 8*n + 5*n. Suppose -2*p - 255 = -c*p. What are the prime factors of p?
5, 17
Suppose -t - 309 = -4*t. Let b = -59 + t. What are the prime factors of b?
2, 11
Let r(v) = 92*v**2 + 19*v + 56. List the prime factors of r(-5).
7, 17, 19
Suppose 3*u = 5*r + 33, -r + 0*u - 4*u = 2. Let g be (-76)/r - (-16)/(-24). Let p(f) = 2*f - 12. List the prime factors of p(g).
2, 3
Let d(i) = i**3 - i**2 + 2*i + 2. Let l be d(-1). What are the prime factors of (-404)/(-4) + l/1?
3, 11
Suppose 4 = -5*k + 59. Let p(a) = -6*a - 5. Let w be p(k). Let z = -35 - w. List the prime factors of z.
2, 3
Let t(w) = 2*w - 15. Let g(v) = 2*v - 14. Let h(i) = 5*g(i) - 4*t(i). What are the prime factors of h(17)?
2, 3
Suppose -3*w = r - 110, 5*w - 2*w - 12 = 0. Let k = -38 + r. Let u = k - 13. List the prime factors of u.
47
Let l(k) = -3*k**2 - 3*k - 2. Let x be l(4). Let f = x - -138. What are the prime factors of f?
2, 19
Let v be (-5)/((-3)/(-9)*-3). Suppose -2*k = -2*l + 70, v*k = -2*l + 29 + 69. List the prime factors of l.
3, 13
What are the prime factors of (-7)/(2 + 5) + 782?
11, 71
Suppose 0 = -15*u + 12*u + 12. Suppose u*q + 0*w = 3*w + 206, -4*q + 208 = -2*w. List the prime factors of q.
53
Let w = -7 + 6. Let k be w/((-3)/(-72)*-2). Let o = 15 - k. List the prime factors of o.
3
Let b be 7/((-21)/(-423)) + 0. Let w = 223 - b. What are the prime factors of w?
2, 41
Let f(g) be the second derivative of 8*g - 5/12*g**4 + 0 - 2*g**2 - 5/6*g**3 + 1/20*g**5. List the prime factors of f(6).
2
Let x = 712 - 252. What are the prime factors of x?
2, 5, 23
Let n(j) = 13*j**2 - 12*j + 26. What are the prime factors of n(5)?
3, 97
Let o(l) = -2*l - 1. Suppose 2*k + 15 - 1 = -y, 44 = -4*y - 4*k. Let i(u) = 5*u + 4. Let q(x) = y*o(x) - 3*i(x). What are the prime factors of q(12)?
2
Suppose 4*o + 2*b = 7536, -32*b = 4*o - 28*b - 7528. List the prime factors of o.
2, 23, 41
Let a = 18 - 15. Let d = -3 + 2. What are the prime factors of a - (3 + d + -1)?
2
Suppose -3*a + l - 244 = 0, 7*a - 2*l = 4*a - 248. Let j = 273 - a. What are the prime factors of j?
353
Let x(y) = y**3 + 10*y**2 + 16*y + 10. Let d be x(-10). Let u = -95 - d. What are the prime factors of u?
5, 11
Suppose -2*p - 3490 = -2*v, -2*p = -v - 0*v + 1745. List the prime factors of v.
5, 349
Suppose 5*z = -3*r - 0*z - 33, r = 5*z + 9. Let l(b) = -b**3 - 4*b**2 - 7*b - 1. List the prime factors of l(r).
113
Suppose 16 = -4*l + 8*l. Suppose 0 = l*f, -5*c - 2*f + f = -540. What are the prime factors of c?
2, 3
Suppose -u + 5*w + 0*w = -18, 4*w + 18 = 2*u. List the prime factors of 7 + u/((-6)/4).
5
Let b = 4 + -1. Suppose -i - 334 = -b*i. Let p = i + -115. What are the prime factors of p?
2, 13
Let q(p) = 2*p**2 - 5*p - 48. What are the prime factors of q(9)?
3, 23
Suppose -3*j - 2*k + 14144 = 0, 4*j - 14179 = j + 5*k. What are the prime factors of j?
2, 7, 337
Suppose -3*m = 4*f + 7, -3*m + 2 = -4*f - 5*m. Suppose -6 + f = o, -3*c + 2*o = -14. Suppose 3*u - 19 = -2*d + 3, -c*u + d = -24. List the prime factors of u.
2, 5
Let o(g) = g**3 - 6*g**2 + 7*g. Let m be o(3). Let n be m/4 + 47/2. Suppose -297 = -5*s - n. What are the prime factors of s?
5, 11
Suppose 3*y - 16 - 20 = 0. Let q(f) = -2*f + 10. Let i be q(y). Let h = -3 - i. List the prime factors of h.
11
Let f = 1406 + 536. List the prime factors of f.
2, 971
Let n(j) be the first derivative of j**4/4 + 6*j**3 - 11*j**2 + 25*j - 18. List the prime factors of n(-19).
2, 41
Let s(r) = 11*r - 3. Let d = 2 + 4. List the prime factors of s(d).
3, 7
Let a = 25 - 10. Let i = a + -15. Suppose i = -6*o - 10 + 166. What are the prime factors of o?
2, 13
Let o be (16 - 6) + (-1 - 1). Suppose 0 = -2*f + o + 18. Let u = -5 + f. What are the prime factors of u?
2
Suppose 10 + 94 = 4*b. Let i = b - 4. What are the prime factors of i?
2, 11
Let m(z) = z**3 + 8*z**2 + z + 8. Let s be m(-8). Let r(l) = -l**3 + 3 - l + l**2 - 1 + s*l - 2*l**2. What are the prime factors of r(-2)?
2
Let m = 4 + 2. Suppose -2*l = -0*p + 4*p + 62, 2*p - m = 0. What are the prime factors of (-2)/7 + l/(-7)?
5
Suppose -7*k + 160 = 223. Let w = 3 + -7. Let r = w - k. List the prime factors of r.
5
Suppose -53 = -5*y - 3. List the prime factors of (y/((-4)/2))/(5/(-45)).
3, 5
Let o = 8692 + -6051. What are the prime factors of o?
19, 139
Suppose 7*c - 464 =